{"id":17,"date":"2017-05-16T09:48:46","date_gmt":"2017-05-16T09:48:46","guid":{"rendered":"http:\/\/bestforminrekordzeit.de\/?page_id=17"},"modified":"2022-01-09T15:20:46","modified_gmt":"2022-01-09T15:20:46","slug":"fit-mit-vacu-power","status":"publish","type":"page","link":"http:\/\/gesundheitsstudio-jms.de\/?page_id=17","title":{"rendered":"Fit mit Vacu Power"},"content":{"rendered":"<p><em><strong>Fit werden mit Vacu Power:<\/strong><\/em><\/p>\n<p>Bewegung wirkt sich positiv auf das <strong>Herz-Kreislauf-System<\/strong> aus und der <strong>Fettstoffwechsel<\/strong> wird angeregt<\/p>\n<p>Das Training mit Bewegung und Unterdruck bewirkt, dass Depotfette die sich hartn\u00e4ckig halten, durch eine bessere Durchblutung effektiver \u00fcber die <strong>Muskulatur<\/strong> verbrannt werden k\u00f6nnen. Das Ergebnis ist eine sichtbare Reduzierung des Umfangs, das Hautbild verbessert sich, das Gewebe wird f\u00fchlbar gestrafft und zwar an den betroffenen Zonen, wie z.B. an den Beinen.<\/p>\n<p>Trainingseinheiten von ca. 30 Minuten sind schon vollkommen ausreichend, um diese Effekte zu erzielen. Zudem wird bei leichter Intensit\u00e4t ein gezieltes Ganzk\u00f6rper- und Ausdauertraining absolviert.<\/p>\n<ul>\n<li><strong>Fettabbau gezielt erreichen an dem Bauch, den Beinen und dem Po<\/strong><\/li>\n<li><strong>Besserung von Cellulitis, Besenreisern, Krampfadern und des Hautbildes<\/strong><\/li>\n<li><strong>Entschlackung und Straffung des Gewebes durch Anregung des Stoffwechsels<\/strong><\/li>\n<\/ul>\n<p>Der Erfolg stellt sich schon nach wenigen Anwendungen mit sichtbaren Ergebnissen ein. Und zwar unabh\u00e4ngig von k\u00f6rperlicher Leistungsf\u00e4higkeit und Konstitution.<\/p>\n<p>&nbsp;<\/p>\n","protected":false},"excerpt":{"rendered":"<p>Fit werden mit Vacu Power: Bewegung wirkt sich positiv auf das Herz-Kreislauf-System aus und der Fettstoffwechsel wird angeregt Das Training mit Bewegung [&hellip;]<\/p>\n","protected":false},"author":1,"featured_media":326,"parent":0,"menu_order":0,"comment_status":"closed","ping_status":"closed","template":"","meta":{"footnotes":""},"class_list":["post-17","page","type-page","status-publish","has-post-thumbnail","hentry"],"_links":{"self":[{"href":"http:\/\/gesundheitsstudio-jms.de\/index.php?rest_route=\/wp\/v2\/pages\/17","targetHints":{"allow":["GET"]}}],"collection":[{"href":"http:\/\/gesundheitsstudio-jms.de\/index.php?rest_route=\/wp\/v2\/pages"}],"about":[{"href":"http:\/\/gesundheitsstudio-jms.de\/index.php?rest_route=\/wp\/v2\/types\/page"}],"author":[{"embeddable":true,"href":"http:\/\/gesundheitsstudio-jms.de\/index.php?rest_route=\/wp\/v2\/users\/1"}],"replies":[{"embeddable":true,"href":"http:\/\/gesundheitsstudio-jms.de\/index.php?rest_route=%2Fwp%2Fv2%2Fcomments&post=17"}],"version-history":[{"count":6,"href":"http:\/\/gesundheitsstudio-jms.de\/index.php?rest_route=\/wp\/v2\/pages\/17\/revisions"}],"predecessor-version":[{"id":207,"href":"http:\/\/gesundheitsstudio-jms.de\/index.php?rest_route=\/wp\/v2\/pages\/17\/revisions\/207"}],"wp:featuredmedia":[{"embeddable":true,"href":"http:\/\/gesundheitsstudio-jms.de\/index.php?rest_route=\/wp\/v2\/media\/326"}],"wp:attachment":[{"href":"http:\/\/gesundheitsstudio-jms.de\/index.php?rest_route=%2Fwp%2Fv2%2Fmedia&parent=17"}],"curies":[{"name":"wp","href":"https:\/\/api.w.org\/{rel}","templated":true}]}}