{"id":13,"date":"2017-03-16T09:48:32","date_gmt":"2017-03-16T09:48:32","guid":{"rendered":"http:\/\/bestforminrekordzeit.de\/?page_id=13"},"modified":"2023-03-30T12:48:47","modified_gmt":"2023-03-30T12:48:47","slug":"impressum","status":"publish","type":"page","link":"http:\/\/gesundheitsstudio-jms.de\/?page_id=13","title":{"rendered":"Impressum"},"content":{"rendered":"<h3>Diese Seite wird derzeit bearbeitet<\/h3>\n<h3>Angaben gem\u00e4\u00df \u00a7 5 TMG:<\/h3>\n<p>Kontakt:<\/p>\n<p>56218 M\u00fclheim-K\u00e4rlich<\/p>\n<p>Tel.: +49 (0) 02632 242923<br \/>\nbestforminrekordzeit@email.de<\/p>\n<p>Jutta M\u00fcck-Sacher<\/p>\n<p>Umsatzsteuer-Identifikationsnummer gem. \u00a7 27a UStG:<\/p>\n<p><b>Verantwortliche Redakteurinnen:<\/b><br \/>\nJutta M\u00fcck-Sacher<\/p>\n<p>56218 M\u00fclheim-K\u00e4rlich<\/p>\n<p>Juliane Lindenblatt<\/p>\n<p>56218 M\u00fclheim-K\u00e4rlich<\/p>\n<h3><\/h3>\n<h3>Haftungsausschluss:<\/h3>\n<h3>Haftung f\u00fcr Inhalte<\/h3>\n<p>Gem\u00e4\u00df \u00a7 7 Abs.1 TMG tragen wir nach den allgemeinen Gesetzen die Verantwortung f\u00fcr eigene Inhalte auf diesen Seiten. Allerdings sind wir als Dienstanbieter nach \u00a7\u00a7 8 bis 10 TMG nicht verpflichtet, \u00fcbermittelte oder gespeicherte fremde Informationen zu \u00fcberwachen oder nach Umst\u00e4nden zu forschen, die auf eine rechtswidrige T\u00e4tigkeit hindeuten. Davon ausgeschlossen sind die Verpflichtungen zur Entfernung bzw. Sperrung der Nutzung von Informationen nach den allgemeinen Gesetzen. Diesbez\u00fcglich ist eine Haftung allerdings erst ab dem Zeitpunkt der Kenntnis einer konkreten Rechtsverletzung m\u00f6glich. Sollten wir von einer entsprechenden Rechtsverletzung erfahren, werden wir die betreffenden Inhalte umgehend entfernen.<\/p>\n<h3>Haftung f\u00fcr Links<\/h3>\n<p>Trotz sorgf\u00e4ltiger Kontrolle \u00fcbernehmen wir keine Haftung f\u00fcr externe Links, auf deren Inhalt wir keinen Einfluss haben. F\u00fcr den Inhalt der verlinkten Seiten sind ausschlie\u00dflich deren Betreiber verantwortlich. Zum Zeitpunkt der Verlinkung haben wir die externen Links auf m\u00f6gliche Rechtsverst\u00f6\u00dfe \u00fcberpr\u00fcft und konnten keine rechtswidrigen Inhalte feststellen. Ohne konkrete Anhaltspunkte ist eine durchgehende Kontrolle der Inhalte jedoch nicht zumutbar. Sollten wir diesbez\u00fcglich von einer Rechtsverletzung erfahren, werden wir die betreffenden Links umgehend entfernen.<\/p>\n<h3>Urheberrecht<\/h3>\n<p>Die Inhalte und Werke auf diesen Seiten, die durch die Seitenbetreiber erstellt wurden, unterliegen dem deutschen Urheberrecht. F\u00fcr die Vervielf\u00e4ltigung, Bearbeitung, Verbreitung und jede Art der Verwertung au\u00dferhalb des Urheberrechts ist in jedem Fall die schriftliche Zustimmung des Verfassers notwendig. Downloads und Kopien sind ausschlie\u00dflich f\u00fcr den privaten, nicht kommerziellen Gebrauch zugelassen. Inhalte Dritter werden als solche gekennzeichnet und unterliegen den Urheberrechten Dritter. Sollten wir diesbez\u00fcglich von einer Rechtsverletzung erfahren, werden wir die betreffenden Inhalte umgehend entfernen.<\/p>\n<p>Quelle: <em><a href=\"http:\/\/www.rechtsanwalt.com\">https:\/\/www.rechtsanwalt.com<\/a><\/em><\/p>\n","protected":false},"excerpt":{"rendered":"<p>Diese Seite wird derzeit bearbeitet Angaben gem\u00e4\u00df \u00a7 5 TMG: Kontakt: 56218 M\u00fclheim-K\u00e4rlich Tel.: +49 (0) 02632 242923 bestforminrekordzeit@email.de Jutta M\u00fcck-Sacher Umsatzsteuer-Identifikationsnummer [&hellip;]<\/p>\n","protected":false},"author":1,"featured_media":0,"parent":0,"menu_order":0,"comment_status":"closed","ping_status":"closed","template":"","meta":{"footnotes":""},"class_list":["post-13","page","type-page","status-publish","hentry"],"_links":{"self":[{"href":"http:\/\/gesundheitsstudio-jms.de\/index.php?rest_route=\/wp\/v2\/pages\/13","targetHints":{"allow":["GET"]}}],"collection":[{"href":"http:\/\/gesundheitsstudio-jms.de\/index.php?rest_route=\/wp\/v2\/pages"}],"about":[{"href":"http:\/\/gesundheitsstudio-jms.de\/index.php?rest_route=\/wp\/v2\/types\/page"}],"author":[{"embeddable":true,"href":"http:\/\/gesundheitsstudio-jms.de\/index.php?rest_route=\/wp\/v2\/users\/1"}],"replies":[{"embeddable":true,"href":"http:\/\/gesundheitsstudio-jms.de\/index.php?rest_route=%2Fwp%2Fv2%2Fcomments&post=13"}],"version-history":[{"count":12,"href":"http:\/\/gesundheitsstudio-jms.de\/index.php?rest_route=\/wp\/v2\/pages\/13\/revisions"}],"predecessor-version":[{"id":348,"href":"http:\/\/gesundheitsstudio-jms.de\/index.php?rest_route=\/wp\/v2\/pages\/13\/revisions\/348"}],"wp:attachment":[{"href":"http:\/\/gesundheitsstudio-jms.de\/index.php?rest_route=%2Fwp%2Fv2%2Fmedia&parent=13"}],"curies":[{"name":"wp","href":"https:\/\/api.w.org\/{rel}","templated":true}]}}